{"id":14,"date":"2025-07-05T13:37:14","date_gmt":"2025-07-05T13:37:14","guid":{"rendered":"https:\/\/kirkkovuori.fi\/?page_id=14"},"modified":"2025-07-06T18:05:20","modified_gmt":"2025-07-06T18:05:20","slug":"etusivu","status":"publish","type":"page","link":"https:\/\/kirkkovuori.fi\/","title":{"rendered":"Etusivu"},"content":{"rendered":"\t\t<div data-elementor-type=\"wp-page\" data-elementor-id=\"14\" class=\"elementor elementor-14\">\n\t\t\t\t<div class=\"elementor-element elementor-element-179f79f e-flex e-con-boxed e-con e-parent\" data-id=\"179f79f\" data-element_type=\"container\" data-settings=\"{&quot;background_background&quot;:&quot;classic&quot;}\">\n\t\t\t\t\t<div class=\"e-con-inner\">\n\t\t\t\t<div class=\"elementor-element elementor-element-5e9a36e elementor-widget elementor-widget-heading\" data-id=\"5e9a36e\" data-element_type=\"widget\" data-widget_type=\"heading.default\">\n\t\t\t\t\t<h1 class=\"elementor-heading-title elementor-size-default\">Kirkkovuoren<br>luontomatkailualue<\/h1>\t\t\t\t<\/div>\n\t\t\t\t<div class=\"elementor-element elementor-element-5b0ceac elementor-widget elementor-widget-text-editor\" data-id=\"5b0ceac\" data-element_type=\"widget\" data-widget_type=\"text-editor.default\">\n\t\t\t\t\t\t\t\t\t<p>Monipuolinen luontokohde Karstulan kirkonkyl\u00e4n kainalossa<\/p>\t\t\t\t\t\t\t\t<\/div>\n\t\t\t\t<div class=\"elementor-element elementor-element-80b5017 elementor-widget elementor-widget-text-editor\" data-id=\"80b5017\" data-element_type=\"widget\" data-widget_type=\"text-editor.default\">\n\t\t\t\t\t\t\t\t\t<p>&#8211; silm\u00e4 ja sielu lep\u00e4\u00e4<\/p>\t\t\t\t\t\t\t\t<\/div>\n\t\t\t\t\t<\/div>\n\t\t\t\t<\/div>\n\t\t<div class=\"elementor-element elementor-element-70c7368 e-grid e-con-boxed e-con e-parent\" data-id=\"70c7368\" data-element_type=\"container\">\n\t\t\t\t\t<div class=\"e-con-inner\">\n\t\t<div class=\"elementor-element elementor-element-284f905 e-con-full e-flex e-con e-child\" data-id=\"284f905\" data-element_type=\"container\">\n\t\t\t\t<div class=\"elementor-element elementor-element-88156bb elementor-widget elementor-widget-image\" data-id=\"88156bb\" data-element_type=\"widget\" data-widget_type=\"image.default\">\n\t\t\t\t\t\t\t\t\t\t\t\t\t\t\t<img decoding=\"async\" width=\"128\" height=\"300\" src=\"https:\/\/kirkkovuori.fi\/wp-content\/uploads\/2025\/07\/nakotorni-128x300.png\" class=\"attachment-medium size-medium wp-image-17\" alt=\"\" srcset=\"https:\/\/kirkkovuori.fi\/wp-content\/uploads\/2025\/07\/nakotorni-128x300.png 128w, https:\/\/kirkkovuori.fi\/wp-content\/uploads\/2025\/07\/nakotorni.png 185w\" sizes=\"(max-width: 128px) 100vw, 128px\" \/>\t\t\t\t\t\t\t\t\t\t\t\t\t\t\t<\/div>\n\t\t\t\t<div class=\"elementor-element elementor-element-b4ada2e elementor-widget elementor-widget-text-editor\" data-id=\"b4ada2e\" data-element_type=\"widget\" data-widget_type=\"text-editor.default\">\n\t\t\t\t\t\t\t\t\t<p>N\u00e4k\u00f6torni on tiettev\u00e4sti maailman korkein hirsirunkoinen rakennus.<\/p>\t\t\t\t\t\t\t\t<\/div>\n\t\t\t\t<\/div>\n\t\t<div class=\"elementor-element elementor-element-4dab1c8 e-con-full e-flex e-con e-child\" data-id=\"4dab1c8\" data-element_type=\"container\">\n\t\t\t\t<div class=\"elementor-element elementor-element-56b7a2f elementor-widget elementor-widget-image\" data-id=\"56b7a2f\" data-element_type=\"widget\" data-widget_type=\"image.default\">\n\t\t\t\t\t\t\t\t\t\t\t\t\t\t\t<img fetchpriority=\"high\" decoding=\"async\" width=\"180\" height=\"300\" src=\"https:\/\/kirkkovuori.fi\/wp-content\/uploads\/2025\/07\/morkomaa_logo-180x300.png\" class=\"attachment-medium size-medium wp-image-18\" alt=\"\" srcset=\"https:\/\/kirkkovuori.fi\/wp-content\/uploads\/2025\/07\/morkomaa_logo-180x300.png 180w, https:\/\/kirkkovuori.fi\/wp-content\/uploads\/2025\/07\/morkomaa_logo.png 191w\" sizes=\"(max-width: 180px) 100vw, 180px\" \/>\t\t\t\t\t\t\t\t\t\t\t\t\t\t\t<\/div>\n\t\t\t\t<div class=\"elementor-element elementor-element-68c6c7d elementor-widget elementor-widget-text-editor\" data-id=\"68c6c7d\" data-element_type=\"widget\" data-widget_type=\"text-editor.default\">\n\t\t\t\t\t\t\t\t\t<p>M\u00f6rk\u00f6maa on koko perheen ulkoilureitti. Sen varrella on NFC-t\u00e4gej\u00e4, jotka skannaamalla p\u00e4\u00e4see kokemaan satuja.<\/p>\t\t\t\t\t\t\t\t<\/div>\n\t\t\t\t<\/div>\n\t\t<div class=\"elementor-element elementor-element-7320122 e-con-full e-flex e-con e-child\" data-id=\"7320122\" data-element_type=\"container\">\n\t\t\t\t<div class=\"elementor-element elementor-element-aab7b96 elementor-widget elementor-widget-image\" data-id=\"aab7b96\" data-element_type=\"widget\" data-widget_type=\"image.default\">\n\t\t\t\t\t\t\t\t\t\t\t\t\t\t\t<img decoding=\"async\" width=\"195\" height=\"300\" src=\"https:\/\/kirkkovuori.fi\/wp-content\/uploads\/2025\/07\/bitmap-195x300.png\" class=\"attachment-medium size-medium wp-image-19\" alt=\"\" srcset=\"https:\/\/kirkkovuori.fi\/wp-content\/uploads\/2025\/07\/bitmap-195x300.png 195w, https:\/\/kirkkovuori.fi\/wp-content\/uploads\/2025\/07\/bitmap.png 273w\" sizes=\"(max-width: 195px) 100vw, 195px\" \/>\t\t\t\t\t\t\t\t\t\t\t\t\t\t\t<\/div>\n\t\t\t\t<div class=\"elementor-element elementor-element-5c942f9 elementor-widget elementor-widget-text-editor\" data-id=\"5c942f9\" data-element_type=\"widget\" data-widget_type=\"text-editor.default\">\n\t\t\t\t\t\t\t\t\t<p>N\u00e4k\u00f6tornille johtaa 350 metrin luontopolku. Alueen huipulla on kalliolaavu ja luontokirkko.<\/p>\t\t\t\t\t\t\t\t<\/div>\n\t\t\t\t<\/div>\n\t\t\t\t\t<\/div>\n\t\t\t\t<\/div>\n\t\t<div class=\"elementor-element elementor-element-2aebeab e-flex e-con-boxed e-con e-parent\" data-id=\"2aebeab\" data-element_type=\"container\" data-settings=\"{&quot;background_background&quot;:&quot;classic&quot;}\">\n\t\t\t\t\t<div class=\"e-con-inner\">\n\t\t\t\t<div class=\"elementor-element elementor-element-87572b0 elementor-widget elementor-widget-shortcode\" data-id=\"87572b0\" data-element_type=\"widget\" data-widget_type=\"shortcode.default\">\n\t\t\t\t\t\t\t<div class=\"elementor-shortcode\"><div id=\"mount\"><\/div><\/div>\n\t\t\t\t\t\t<\/div>\n\t\t\t\t\t<\/div>\n\t\t\t\t<\/div>\n\t\t<div class=\"elementor-element elementor-element-d826fa7 e-flex e-con-boxed e-con e-parent\" data-id=\"d826fa7\" data-element_type=\"container\">\n\t\t\t\t\t<div class=\"e-con-inner\">\n\t\t\t\t<div class=\"elementor-element elementor-element-02fd66f elementor-widget elementor-widget-heading\" data-id=\"02fd66f\" data-element_type=\"widget\" data-widget_type=\"heading.default\">\n\t\t\t\t\t<h2 class=\"elementor-heading-title elementor-size-default\">Karstulassa tapahtuu<\/h2>\t\t\t\t<\/div>\n\t\t\t\t<div class=\"elementor-element elementor-element-9a7e5fe elementor-widget elementor-widget-video\" data-id=\"9a7e5fe\" data-element_type=\"widget\" data-settings=\"{&quot;youtube_url&quot;:&quot;https:\\\/\\\/www.youtube.com\\\/watch?v=2yw6pm9_-lY&quot;,&quot;video_type&quot;:&quot;youtube&quot;,&quot;controls&quot;:&quot;yes&quot;}\" data-widget_type=\"video.default\">\n\t\t\t\t\t\t\t<div class=\"elementor-wrapper elementor-open-inline\">\n\t\t\t<div class=\"elementor-video\"><\/div>\t\t<\/div>\n\t\t\t\t\t\t<\/div>\n\t\t\t\t\t<\/div>\n\t\t\t\t<\/div>\n\t\t\t\t<\/div>\n\t\t","protected":false},"excerpt":{"rendered":"<p>Kirkkovuorenluontomatkailualue Monipuolinen luontokohde Karstulan kirkonkyl\u00e4n kainalossa &#8211; silm\u00e4 ja sielu lep\u00e4\u00e4 N\u00e4k\u00f6torni on tiettev\u00e4sti maailman korkein hirsirunkoinen rakennus. M\u00f6rk\u00f6maa on koko perheen ulkoilureitti. Sen varrella on NFC-t\u00e4gej\u00e4, jotka skannaamalla p\u00e4\u00e4see kokemaan satuja. N\u00e4k\u00f6tornille johtaa 350 metrin luontopolku. Alueen huipulla on kalliolaavu ja luontokirkko. Karstulassa tapahtuu https:\/\/www.youtube.com\/watch?v=2yw6pm9_-lY<\/p>\n","protected":false},"author":1,"featured_media":0,"parent":0,"menu_order":0,"comment_status":"closed","ping_status":"closed","template":"","meta":{"footnotes":""},"class_list":["post-14","page","type-page","status-publish","hentry"],"_links":{"self":[{"href":"https:\/\/kirkkovuori.fi\/index.php?rest_route=\/wp\/v2\/pages\/14","targetHints":{"allow":["GET"]}}],"collection":[{"href":"https:\/\/kirkkovuori.fi\/index.php?rest_route=\/wp\/v2\/pages"}],"about":[{"href":"https:\/\/kirkkovuori.fi\/index.php?rest_route=\/wp\/v2\/types\/page"}],"author":[{"embeddable":true,"href":"https:\/\/kirkkovuori.fi\/index.php?rest_route=\/wp\/v2\/users\/1"}],"replies":[{"embeddable":true,"href":"https:\/\/kirkkovuori.fi\/index.php?rest_route=%2Fwp%2Fv2%2Fcomments&post=14"}],"version-history":[{"count":17,"href":"https:\/\/kirkkovuori.fi\/index.php?rest_route=\/wp\/v2\/pages\/14\/revisions"}],"predecessor-version":[{"id":193,"href":"https:\/\/kirkkovuori.fi\/index.php?rest_route=\/wp\/v2\/pages\/14\/revisions\/193"}],"wp:attachment":[{"href":"https:\/\/kirkkovuori.fi\/index.php?rest_route=%2Fwp%2Fv2%2Fmedia&parent=14"}],"curies":[{"name":"wp","href":"https:\/\/api.w.org\/{rel}","templated":true}]}}